3*r + 22 = 105. Calculate the highest common factor of c and i.
26
Suppose 4*a - z + 0*z - 140 = 0, -a = -3*z - 35. Suppose 3*m + 3*l - 28 = a, 2*l + 10 = 0. What is the greatest common factor of 338 and m?
26
Suppose -9*x - x = 6*x. Let s(f) = -f**2 - 7*f + 12. Let z be s(x). What is the greatest common factor of z and 192?
12
Suppose -5*x + x = 5*b - 462, 3 = x. Suppose -5*k = y + 33 + 18, 5*y = k - 307. Let s = -43 - y. What is the highest common divisor of s and b?
18
Let f(x) = x**2 - 9*x + 29. Suppose -34 = -5*r - 3*a, a + 4 = 2*r - a. Let t be f(r). Calculate the greatest common factor of t and 225.
9
Suppose 6 = 2*x, -5*x = -2*l - 4*x + 261. Let c be (-18)/(-7)*((-688)/48 + 19). What is the greatest common divisor of c and l?
12
Suppose -3*m + 408 - 114 = 0. Suppose -3*q - 5*i + 286 = 0, -q - 4*i = -5*i - m. Let k = q + -82. What is the highest common factor of k and 120?
15
Let u be 2 + (-2 - (-1 - 2)). Suppose -u*l - l = -20. Suppose 0 = -39*h - 18*h - 42 + 327. What is the greatest common divisor of h and l?
5
Let m be (-488)/60 - (-30)/225. Let v(c) = 29*c + 287. Let p be v(m). Calculate the greatest common factor of p and 275.
55
Let b = 438 + -408. Suppose 0 = -20*z + b*z - 200. Calculate the highest common divisor of 40 and z.
20
Suppose 274226*z = 274196*z + 2850. Calculate the greatest common factor of 3439 and z.
19
Let y = -3020 - -5576. What is the highest common divisor of y and 45?
9
Suppose 4*m + 157 = 3*p, -5*p + 10*p = 2*m + 243. Let o = -44 + p. Suppose -10 = -i - o. Calculate the highest common factor of i and 35.
7
Let l = -101 - -128. Let h = l + 27. What is the greatest common divisor of 36 and h?
18
Let w = 11 - 3. Let n(p) = -9*p - 93. Let t be n(-10). Let z = t + w. What is the greatest common divisor of 85 and z?
5
Let y(f) = -3*f**3 - 48*f**2 - 191*f + 5. Let v be y(-10). What is the highest common divisor of v and 12535?
115
Suppose -s = -3*s. Suppose -12*r + 15*r + 306 = s. Let x = -62 - r. Calculate the greatest common factor of x and 200.
40
Let c(q) = 4*q - 2. Let x be c(4). Suppose 13*w - 3*i = 10*w + 306, -2*i = -7*w + 764. Calculate the greatest common divisor of w and x.
14
Let k(w) = -w**3 + 79*w**2 + 83*w + 1480. Let z be k(80). What is the greatest common divisor of 240 and z?
40
Suppose n = 4*v + v + 101, -n + 66 = 2*v. Calculate the highest common divisor of 1007 and n.
19
Suppose -6*y + 7427 = -y + 3*l, 0 = 3*y + 4*l - 4454. Suppose -x = 4*j + x - 1474, 4*j - y = 2*x. What is the greatest common factor of j and 37?
37
Suppose -135 + 150 = 5*g. Let f be 44/8*6 - (g - 0). Calculate the greatest common factor of f and 195.
15
Suppose -848 + 6 = -2*m. Suppose -5*o + m = -29. What is the highest common factor of o and 10?
10
Let i be (-6)/(-7) + (-15180)/(-322). Let j(d) = 5*d**2 - 6*d - 11. Let w be j(5). Calculate the highest common divisor of w and i.
12
Let a(y) = 42*y**2 - 28*y + 151. Let j be a(4). Calculate the highest common divisor of j and 63.
9
Suppose 2*k - 1582 = 2*u, -65 = 4*k + 4*u - 3237. Calculate the highest common factor of k and 12.
12
Let t = 184 - 117. Suppose -23*o + 2145 = 16*o. Let j = t - o. What is the highest common factor of 16 and j?
4
Let f be 552/12 + (-4)/2 + 0. Suppose 0 = 2*x + 3*o - 25 + 3, -f = -4*x - 5*o. Let b = 26 + 161. What is the greatest common factor of x and b?
11
Let y(t) = -2*t + 1011. Let c be y(-121). What is the highest common factor of 35 and c?
7
Suppose 0 = -1252*b + 1232*b + 3060. What is the highest common factor of 927 and b?
9
Let c(t) = 170*t + 50. Let h be c(3). Calculate the greatest common factor of 1040 and h.
80
Suppose 0 = -3477*j + 3465*j + 31752. What is the highest common factor of 108 and j?
54
Let v = -977 - -965. Let d be -4 + 81/(-3 - v). Calculate the greatest common divisor of 1 and d.
1
Suppose 2*l = 5*o + 771, -2*o - 938 = -3*l + 180. What is the highest common divisor of 16284 and l?
92
Let l be 228 + ((-171)/(-114) - 9/(-2)). What is the greatest common divisor of 377 and l?
13
Suppose 15257 = -3*s + 14*s - v, 5*s = 2*v + 6935. Calculate the greatest common factor of s and 146.
73
Suppose 0 = -3*w + 117 - 18. Suppose 3696 = -5*f + w*f. Calculate the highest common divisor of f and 60.
12
Let g = -9 + 9. Suppose -16 = -8*d - g. Suppose -d*a - w - 11 + 35 = 0, -2*a + w = -24. Calculate the highest common divisor of a and 60.
12
Suppose 5*r - 119 = 70 + 411. Calculate the greatest common factor of r and 7080.
120
Let i be 226 + -210 - (-4956)/2. Calculate the greatest common divisor of 232 and i.
58
Suppose 4*v + 0*v = 132. Let s = 61 + -59. Let q be 1 - s - 4/((-4)/23). What is the highest common factor of q and v?
11
Suppose 4219*h - 144360 = 4189*h. What is the greatest common factor of 12 and h?
12
Let d(m) = m**3 - 91*m**2 + 114*m + 297. Let v be d(90). Calculate the greatest common divisor of v and 459.
27
Suppose -2 = 4*c - 3*c. Let p be 1535/10 - c/4. Let k be (72 + -78 - (-56)/10)*-35. What is the highest common divisor of k and p?
14
Suppose -2*k - 390 = -3*n, -k - 113 = -n - 6*k. Let q(j) = -271*j - 13518. Let o be q(-50). What is the greatest common factor of o and n?
32
Let j(p) = -409*p + 75. Let m be j(-6). Suppose m = 20*w + 449. Calculate the highest common divisor of 16 and w.
8
Let l = 35993 + -35706. Let g be 16/(-6)*837/(-12). Suppose -63 = 3*s - g. What is the greatest common divisor of s and l?
41
Let q(c) = 2*c**2 + 7*c - 6. Let o be q(-6). Let u = 187 - 135. Let g = u - o. What is the greatest common divisor of 140 and g?
28
Let v = -432 - -432. Suppose v = -13*y - 219 + 1740. Calculate the highest common factor of 65 and y.
13
Let x(f) = -11*f + 175. Let l be x(15). Suppose -3*h + 897 = l*h. Calculate the greatest common factor of 552 and h.
69
Let r = 190 - 107. Let x = r - 31. Let g(w) = w**2 - 5*w - 332. Let u be g(-24). What is the greatest common divisor of x and u?
52
Let i(z) = -321*z - 167. Let s be i(-1). What is the greatest common factor of 242 and s?
22
Suppose 9*u + u = -990. Let i = u - -102. Suppose i*s + 3 = 4*s. Calculate the greatest common factor of 15 and s.
3
Let k(p) = 448*p - 388. Let s be k(1). What is the highest common divisor of 105 and s?
15
Suppose 0 = 4*j - 2*f - 4, -3*j + 10*f + 17 = 5*f. Let u be 330/6*(0 + j). Let z = u + 97. What is the greatest common divisor of 6 and z?
6
Let a(y) = -y**2 + 8*y - 20. Let j be a(14). Let f be j/80*-2 + (-2)/(-5). Let l be 4 + 10 + (2 - f)/1. Calculate the highest common divisor of 208 and l.
13
Suppose -5*c + 8 = -52. Suppose 48*o = 103*o - 7260. What is the greatest common factor of c and o?
12
Let r be (90/72 - (-12)/16)*(-1700)/(-8). What is the greatest common divisor of 675 and r?
25
Suppose 6236 = 43*n - 37*n - 1870. Calculate the greatest common divisor of 14 and n.
7
Suppose -267*o = -60*o - 59823. What is the highest common divisor of o and 561?
17
Let f(j) = -j**2 + 56*j - 427. Let g be f(46). What is the highest common divisor of g and 5940?
33
Let l = 23 + -21. Let g be 3 + ((-14)/7)/(l*-1). Suppose 21 = -g*b + 7*b. What is the greatest common factor of 7 and b?
7
Suppose -4*c - 5*u = -3*c + 57, c - 3*u + 49 = 0. Let a be (-16)/6*1950/c. Calculate the highest common divisor of a and 125.
25
Let r be (-8)/(-44) + 5 + (-2)/11. Let v(z) = 4*z - 17. Let t be v(r). Let x(u) = u**2 - u - 2. Let f be x(t). Calculate the greatest common factor of 2 and f.
2
Suppose -2*u = -2*b - 614, 0*u = -u + 4*b + 289. What is the greatest common divisor of 1 and u?
1
Suppose -3926 = -87*o - 1021 + 1271. What is the highest common factor of 10128 and o?
48
Let b(v) be the third derivative of 5*v**4/24 + 5*v**3/2 + 39*v**2. Let i be b(21). What is the highest common factor of 6 and i?
6
Suppose 0 = -3*d - 3*m + 8*m + 70, 4*d - 40 = -4*m. Suppose 0 = -3*o + 4*q - 5*q + 65, -3*q = -o + d. Calculate the highest common factor of 7 and o.
7
Let q(i) = -8*i**3 + 2*i - 2. Let u be q(2). Let c = u + 166. Calculate the greatest common divisor of c and 13.
13
Let y be (-1164)/(-9) - 8/(-12). Let h = y + -83. Let a = h - 23. What is the highest common factor of 216 and a?
24
Suppose 0 = 5*u + 4*n - 386, -2*u - n = -1118 + 963. Calculate the highest common factor of u and 2769.
39
Suppose l = 3*c + 630, -4*l + 2*c + 2258 + 222 = 0. Calculate the grea